ded by 2755.
6
Calculate the remainder when 5857 is divided by 99.
16
Calculate the remainder when 1677752 is divided by 11.
10
What is the remainder when 180053 is divided by 28?
13
Calculate the remainder when 22067 is divided by 6.
5
What is the remainder when 27571 is divided by 27567?
4
Calculate the remainder when 69520 is divided by 108.
76
What is the remainder when 22056 is divided by 526?
490
Calculate the remainder when 295649 is divided by 30.
29
Calculate the remainder when 1761 is divided by 1742.
19
Calculate the remainder when 5814 is divided by 45.
9
Calculate the remainder when 7122 is divided by 7109.
13
What is the remainder when 14477 is divided by 1033?
15
What is the remainder when 1730 is divided by 435?
425
Calculate the remainder when 28926 is divided by 263.
259
Calculate the remainder when 239867 is divided by 670.
7
Calculate the remainder when 3285 is divided by 1637.
11
What is the remainder when 34082 is divided by 89?
84
Calculate the remainder when 620859 is divided by 77606.
11
Calculate the remainder when 175 is divided by 72.
31
Calculate the remainder when 13945 is divided by 4639.
28
Calculate the remainder when 409297 is divided by 157.
155
What is the remainder when 8229 is divided by 336?
165
What is the remainder when 6858 is divided by 1916?
1110
Calculate the remainder when 7737 is divided by 136.
121
Calculate the remainder when 17034 is divided by 2207.
1585
Calculate the remainder when 18314 is divided by 9150.
14
Calculate the remainder when 69810 is divided by 862.
850
What is the remainder when 199179 is divided by 9484?
15
What is the remainder when 19060 is divided by 155?
150
Calculate the remainder when 751742 is divided by 159.
149
What is the remainder when 5683 is divided by 835?
673
What is the remainder when 93768 is divided by 3606?
12
Calculate the remainder when 2952 is divided by 22.
4
Calculate the remainder when 3548 is divided by 1168.
44
Calculate the remainder when 64962 is divided by 213.
210
Calculate the remainder when 1120 is divided by 107.
50
Calculate the remainder when 7866 is divided by 61.
58
What is the remainder when 486408 is divided by 4864?
8
Calculate the remainder when 29284 is divided by 2660.
24
Calculate the remainder when 6139 is divided by 1227.
4
What is the remainder when 31447 is divided by 15718?
11
What is the remainder when 3952 is divided by 268?
200
What is the remainder when 5019 is divided by 31?
28
Calculate the remainder when 42180 is divided by 267.
261
What is the remainder when 6571 is divided by 68?
43
What is the remainder when 111434 is divided by 151?
147
Calculate the remainder when 245 is divided by 39.
11
What is the remainder when 935824 is divided by 83?
82
What is the remainder when 2841 is divided by 393?
90
Calculate the remainder when 325607 is divided by 36176.
23
What is the remainder when 378027 is divided by 322?
321
Calculate the remainder when 2521 is divided by 58.
27
Calculate the remainder when 1045393 is divided by 178.
177
What is the remainder when 912062 is divided by 456025?
12
What is the remainder when 253917 is divided by 670?
657
What is the remainder when 1311 is divided by 277?
203
Calculate the remainder when 20295 is divided by 290.
285
Calculate the remainder when 1383 is divided by 455.
18
What is the remainder when 50752 is divided by 45?
37
Calculate the remainder when 5127 is divided by 638.
23
Calculate the remainder when 223153 is divided by 551.
549
Calculate the remainder when 216459 is divided by 119.
117
What is the remainder when 2237 is divided by 749?
739
Calculate the remainder when 132735 is divided by 50.
35
Calculate the remainder when 13896 is divided by 19.
7
Calculate the remainder when 21335 is divided by 361.
36
Calculate the remainder when 173736 is divided by 20.
16
Calculate the remainder when 68425 is divided by 11403.
7
Calculate the remainder when 10292 is divided by 27.
5
Calculate the remainder when 7566 is divided by 67.
62
Calculate the remainder when 1304 is divided by 185.
9
Calculate the remainder when 10235 is divided by 3327.
254
What is the remainder when 36293 is divided by 5183?
12
What is the remainder when 37872 is divided by 806?
796
Calculate the remainder when 293895 is divided by 24.
15
What is the remainder when 3084333 is divided by 113?
111
What is the remainder when 68899 is divided by 166?
9
What is the remainder when 236722 is divided by 914?
910
Calculate the remainder when 46390 is divided by 15.
10
What is the remainder when 1065 is divided by 265?
5
Calculate the remainder when 35922 is divided by 180.
102
Calculate the remainder when 478582 is divided by 34.
32
Calculate the remainder when 7606 is divided by 23.
16
What is the remainder when 3438790 is divided by 28?
26
What is the remainder when 36719 is divided by 1744?
95
Calculate the remainder when 18650 is divided by 472.
242
Calculate the remainder when 199825 is divided by 244.
233
Calculate the remainder when 27331 is divided by 410.
271
What is the remainder when 13939 is divided by 17?
16
Calculate the remainder when 602 is divided by 566.
36
What is the remainder when 7037 is divided by 272?
237
Calculate the remainder when 2799 is divided by 403.
381
What is the remainder when 4503262 is divided by 366?
364
Calculate the remainder when 64273 is divided by 2472.
1
What is the remainder when 4358 is divided by 30?
8
Calculate the remainder when 18249 is divided by 23.
10
Calculate the remainder when 188023 is divided by 11751.
7
What is the remainder when 675 is divided by 202?
69
What is the remainder when 7957 is divided by 1989?
1
What is the remainder when 21836 is divided by 13?
9
What is the remainder when 444926 is divided by 176?
174
What is the remainder when 4039 is divided by 3988?
51
What is the remainder when 276272 is divided by 77?
73
Calculate the remainder when 19784 is divided by 516.
176
What is the remainder when 67689 is divided by 13?
11
What is the remainder when 36621 is divided by 12205?
6
What is the remainder when 14086 is divided by 3500?
86
What is the remainder when 641220 is divided by 863?
11
What is the remainder when 3494 is divided by 838?
142
Calculate the remainder when 24630 is divided by 226.
222
Calculate the remainder when 51861 is divided by 41.
37
What is the remainder when 399588 is divided by 1988?
0
What is the remainder when 2222997 is divided by 1235?
1232
Calculate the remainder when 13789 is divided by 195.
139
What is the remainder when 3288 is divided by 203?
40
Calculate the remainder when 10527 is divided by 351.
348
Calculate the remainder when 5092 is divided by 515.
457
What is the remainder when 163864 is divided by 289?
1
Calculate the remainder when 1410 is divided by 174.
18
What is the remainder when 7592 is divided by 195?
182
Calculate the remainder when 12866 is divided by 95.
41
Calculate the remainder when 325255 is divided by 352.
7
What is the remainder when 67032 is divided by 90?
72
What is the remainder when 1954 is divided by 219?
202
Calculate the remainder when 13107 is divided by 25.
7
Calculate the remainder when 591246 is divided by 3790.
6
What is the remainder when 4032 is divided by 344?
248
What is the remainder when 17756 is divided by 5789?
389
Calculate the remainder when 47744 is divided by 1365.
1334
Calculate the remainder when 6726 is divided by 2240.
6
Calculate the remainder when 2436 is divided by 1814.
622
What is the remainder when 258892 is divided by 342?
340
What is the remainder when 45221 is divided by 170?
1
What is the remainder when 1552 is divided by 107?
54
What is the remainder when 301887 is divided by 278?
257
What is the remainder when 1551 is divided by 143?
121
What is the remainder when 14902 is divided by 9?
7
What is the remainder when 5029 is divided by 648?
493
Calculate the remainder when 146891 is divided by 146885.
6
What is the remainder when 8393 is divided by 17?
12
Calculate the remainder when 847 is divided by 334.
179
Calculate the remainder when 1000 is divided by 371.
258
Calculate the remainder when 35903 is divided by 56.
7
What is the remainder when 2146 is divided by 295?
81
What is the remainder when 395229 is divided by 32?
29
What is the remainder when